{"id":1926,"date":"2022-02-24T12:48:26","date_gmt":"2022-02-24T15:48:26","guid":{"rendered":"https:\/\/demosites.royal-elementor-addons.com\/travel-v1\/?page_id=55"},"modified":"2025-11-20T01:07:04","modified_gmt":"2025-11-20T04:07:04","slug":"stories","status":"publish","type":"page","link":"https:\/\/www.mamreoakinvestments.com\/index.php\/stories\/","title":{"rendered":"Stories"},"content":{"rendered":"<p class=\"attachment\"><a href='https:\/\/www.mamreoakinvestments.com\/wp-content\/uploads\/2024\/09\/29-07-3.jpg'><img fetchpriority=\"high\" decoding=\"async\" width=\"300\" height=\"226\" src=\"https:\/\/www.mamreoakinvestments.com\/wp-content\/uploads\/2024\/09\/29-07-3-300x226.jpg\" class=\"attachment-medium size-medium\" alt=\"\" srcset=\"https:\/\/www.mamreoakinvestments.com\/wp-content\/uploads\/2024\/09\/29-07-3-300x226.jpg 300w, https:\/\/www.mamreoakinvestments.com\/wp-content\/uploads\/2024\/09\/29-07-3-1024x771.jpg 1024w, https:\/\/www.mamreoakinvestments.com\/wp-content\/uploads\/2024\/09\/29-07-3-768x578.jpg 768w, https:\/\/www.mamreoakinvestments.com\/wp-content\/uploads\/2024\/09\/29-07-3-1536x1156.jpg 1536w, https:\/\/www.mamreoakinvestments.com\/wp-content\/uploads\/2024\/09\/29-07-3-2048x1542.jpg 2048w, https:\/\/www.mamreoakinvestments.com\/wp-content\/uploads\/2024\/09\/29-07-3-1200x903.jpg 1200w, https:\/\/www.mamreoakinvestments.com\/wp-content\/uploads\/2024\/09\/29-07-3-1980x1491.jpg 1980w\" sizes=\"(max-width: 300px) 100vw, 300px\" \/><\/a><\/p>\n\t\t<div data-elementor-type=\"wp-page\" data-elementor-id=\"1926\" class=\"elementor elementor-1926\">\n\t\t\t\t\t\t<section class=\"elementor-section elementor-top-section elementor-element elementor-element-ee660d1 elementor-section-boxed elementor-section-height-default elementor-section-height-default wpr-particle-no wpr-jarallax-no wpr-parallax-no wpr-sticky-section-no\" data-id=\"ee660d1\" data-element_type=\"section\">\n\t\t\t\t\t\t\t<div class=\"elementor-background-overlay\"><\/div>\n\t\t\t\t\t\t\t<div class=\"elementor-container elementor-column-gap-default\">\n\t\t\t\t\t<div class=\"elementor-column elementor-col-100 elementor-top-column elementor-element elementor-element-e8cb576\" data-id=\"e8cb576\" data-element_type=\"column\">\n\t\t\t<div class=\"elementor-widget-wrap elementor-element-populated\">\n\t\t\t\t\t\t<div class=\"elementor-element elementor-element-e10d925 elementor-widget elementor-widget-heading\" data-id=\"e10d925\" data-element_type=\"widget\" data-widget_type=\"heading.default\">\n\t\t\t\t\t<h2 class=\"elementor-heading-title elementor-size-default\">Stories<\/h2>\t\t\t\t<\/div>\n\t\t\t\t<div class=\"elementor-element elementor-element-993cb39 elementor-widget elementor-widget-heading\" data-id=\"993cb39\" data-element_type=\"widget\" data-widget_type=\"heading.default\">\n\t\t\t\t\t<h2 class=\"elementor-heading-title elementor-size-default\">UM HIST\u00d3RIA PRA CONTAR<\/h2>\t\t\t\t<\/div>\n\t\t\t\t<div class=\"elementor-element elementor-element-f0d2cb4 elementor-widget elementor-widget-text-editor\" data-id=\"f0d2cb4\" data-element_type=\"widget\" data-widget_type=\"text-editor.default\">\n\t\t\t\t\t\t\t\t\t<p>EM 2023<\/p>\t\t\t\t\t\t\t\t<\/div>\n\t\t\t\t\t<\/div>\n\t\t<\/div>\n\t\t\t\t\t<\/div>\n\t\t<\/section>\n\t\t\t\t<section class=\"elementor-section elementor-top-section elementor-element elementor-element-d057511 elementor-section-full_width elementor-section-height-default elementor-section-height-default wpr-particle-no wpr-jarallax-no wpr-parallax-no wpr-sticky-section-no\" data-id=\"d057511\" data-element_type=\"section\">\n\t\t\t\t\t\t\t<div class=\"elementor-background-overlay\"><\/div>\n\t\t\t\t\t\t\t<div class=\"elementor-container elementor-column-gap-default\">\n\t\t\t\t\t<div class=\"elementor-column elementor-col-33 elementor-top-column elementor-element elementor-element-91520bd elementor-hidden-tablet elementor-hidden-mobile\" data-id=\"91520bd\" data-element_type=\"column\">\n\t\t\t<div class=\"elementor-widget-wrap\">\n\t\t\t\t\t\t\t<\/div>\n\t\t<\/div>\n\t\t\t\t<div class=\"elementor-column elementor-col-33 elementor-top-column elementor-element elementor-element-75bd054\" data-id=\"75bd054\" data-element_type=\"column\">\n\t\t\t<div class=\"elementor-widget-wrap elementor-element-populated\">\n\t\t\t\t\t\t<div class=\"elementor-element elementor-element-ba71cf3 elementor-widget elementor-widget-heading\" data-id=\"ba71cf3\" data-element_type=\"widget\" data-widget_type=\"heading.default\">\n\t\t\t\t\t<h2 class=\"elementor-heading-title elementor-size-default\">o IN\u00cdCIO<\/h2>\t\t\t\t<\/div>\n\t\t\t\t<div class=\"elementor-element elementor-element-ea681a4 elementor-widget elementor-widget-text-editor\" data-id=\"ea681a4\" data-element_type=\"widget\" data-widget_type=\"text-editor.default\">\n\t\t\t\t\t\t\t\t\t<p>Em 2011 iniciamos nossa viagem aos Estados Unidos. Como acontece com muitos brasileiros ao chegar l\u00e1, fomos tomados pelo deslumbre \u2014 tudo \u00e9 realmente diferente, mais moderno, mais organizado e, de certa forma, funciona melhor do que no Brasil. Isso acende em n\u00f3s o famoso sonho americano.<\/p><p>Movidos por esse sonho, come\u00e7amos a desejar construir algo nos Estados Unidos. Em agosto de 2023, eu, minha esposa e um casal de amigos viajamos novamente para l\u00e1, desta vez por oito dias, com o prop\u00f3sito de entender como investir naquele lugar. Durante essa viagem, adquirimos dois terrenos. Logo ap\u00f3s, abri a empresa\u00a0Investimento<\/p>\t\t\t\t\t\t\t\t<\/div>\n\t\t\t\t\t<\/div>\n\t\t<\/div>\n\t\t\t\t<div class=\"elementor-column elementor-col-33 elementor-top-column elementor-element elementor-element-528fdf1\" data-id=\"528fdf1\" data-element_type=\"column\">\n\t\t\t<div class=\"elementor-widget-wrap elementor-element-populated\">\n\t\t\t\t\t\t<div class=\"elementor-element elementor-element-695fdfd wpr-grid-columns-3 wpr-grid-columns--tablet3 wpr-grid-columns--mobile1 elementor-widget elementor-widget-wpr-media-grid\" data-id=\"695fdfd\" data-element_type=\"widget\" data-widget_type=\"wpr-media-grid.default\">\n\t\t\t\t\t<section class=\"wpr-grid wpr-media-grid elementor-clearfix\" data-settings=\"{&quot;layout&quot;:&quot;fitRows&quot;,&quot;columns_desktop&quot;:&quot;3&quot;,&quot;gutter_hr&quot;:10,&quot;gutter_hr_mobile&quot;:10,&quot;gutter_hr_mobile_extra&quot;:10,&quot;gutter_hr_tablet&quot;:10,&quot;gutter_hr_tablet_extra&quot;:10,&quot;gutter_hr_laptop&quot;:10,&quot;gutter_hr_widescreen&quot;:10,&quot;gutter_vr&quot;:10,&quot;gutter_vr_mobile&quot;:10,&quot;gutter_vr_mobile_extra&quot;:10,&quot;gutter_vr_tablet&quot;:10,&quot;gutter_vr_tablet_extra&quot;:10,&quot;gutter_vr_laptop&quot;:10,&quot;gutter_vr_widescreen&quot;:10,&quot;animation&quot;:&quot;default&quot;,&quot;animation_duration&quot;:0.299999999999999988897769753748434595763683319091796875,&quot;animation_delay&quot;:0.1000000000000000055511151231257827021181583404541015625,&quot;deeplinking&quot;:&quot;&quot;,&quot;filters_default_filter&quot;:&quot;&quot;,&quot;filters_linkable&quot;:&quot;no&quot;,&quot;filters_count&quot;:&quot;&quot;,&quot;filters_hide_empty&quot;:&quot;no&quot;,&quot;filters_animation&quot;:&quot;default&quot;,&quot;filters_animation_duration&quot;:0.299999999999999988897769753748434595763683319091796875,&quot;filters_animation_delay&quot;:0.1000000000000000055511151231257827021181583404541015625,&quot;pagination_type&quot;:&quot;load-more&quot;,&quot;pagination_max_pages&quot;:1,&quot;lightbox&quot;:{&quot;selector&quot;:&quot;.wpr-grid-image-wrap&quot;,&quot;iframeMaxWidth&quot;:&quot;60%&quot;,&quot;hash&quot;:false,&quot;autoplay&quot;:&quot;true&quot;,&quot;pause&quot;:5000,&quot;progressBar&quot;:&quot;true&quot;,&quot;counter&quot;:&quot;true&quot;,&quot;controls&quot;:&quot;true&quot;,&quot;getCaptionFromTitleOrAlt&quot;:&quot;true&quot;,&quot;thumbnail&quot;:&quot;&quot;,&quot;showThumbByDefault&quot;:&quot;&quot;,&quot;share&quot;:&quot;&quot;,&quot;zoom&quot;:&quot;true&quot;,&quot;fullScreen&quot;:&quot;true&quot;,&quot;download&quot;:&quot;true&quot;}}\"><article class=\"wpr-grid-item elementor-clearfix post-121 attachment type-attachment status-inherit hentry\"><div class=\"wpr-grid-item-inner\"><div class=\"wpr-grid-media-wrap wpr-effect-size-small \"><div class=\"wpr-grid-image-wrap\" data-src=\"https:\/\/www.mamreoakinvestments.com\/wp-content\/uploads\/2024\/09\/29-07-2.jpg\"><img decoding=\"async\" src=\"https:\/\/www.mamreoakinvestments.com\/wp-content\/uploads\/2024\/09\/29-07-2.jpg\" alt=\"29-07-2\" class=\"wpr-anim-timing-ease-default\"><\/div><div class=\"wpr-grid-media-hover wpr-animation-wrap\"><div class=\"wpr-grid-media-hover-bg  wpr-overlay-fade-in wpr-anim-size-large wpr-anim-timing-ease-default wpr-anim-transparency\" data-url=\"https:\/\/www.mamreoakinvestments.com\/index.php\/7738-n-creek-way-citrus-springs-fl-34434\/29-07-2\/\"><\/div><div class=\"wpr-cv-container\"><div class=\"wpr-cv-outer\"><div class=\"wpr-cv-inner\"><div class=\"wpr-grid-media-hover-middle elementor-clearfix\"><div class=\"wpr-grid-item-lightbox elementor-repeater-item-c32daa6 wpr-grid-item-display-block wpr-grid-item-align-center wpr-element-fade-in wpr-anim-size-large wpr-anim-timing-ease-default wpr-anim-transparency\"><div class=\"inner-block\"><span data-src=\"https:\/\/www.mamreoakinvestments.com\/wp-content\/uploads\/2024\/09\/29-07-2.jpg\"><i class=\"fas fa-search\"><\/i><\/span><div class=\"wpr-grid-lightbox-overlay\"><\/div><\/div><\/div><\/div><\/div><\/div><\/div><\/div><\/div><\/div><\/article><article class=\"wpr-grid-item elementor-clearfix post-120 attachment type-attachment status-inherit hentry\"><div class=\"wpr-grid-item-inner\"><div class=\"wpr-grid-media-wrap wpr-effect-size-small \"><div class=\"wpr-grid-image-wrap\" data-src=\"https:\/\/www.mamreoakinvestments.com\/wp-content\/uploads\/2024\/09\/29-07-3.jpg\"><img decoding=\"async\" src=\"https:\/\/www.mamreoakinvestments.com\/wp-content\/uploads\/2024\/09\/29-07-3.jpg\" alt=\"29-07-3\" class=\"wpr-anim-timing-ease-default\"><\/div><div class=\"wpr-grid-media-hover wpr-animation-wrap\"><div class=\"wpr-grid-media-hover-bg  wpr-overlay-fade-in wpr-anim-size-large wpr-anim-timing-ease-default wpr-anim-transparency\" data-url=\"https:\/\/www.mamreoakinvestments.com\/index.php\/7738-n-creek-way-citrus-springs-fl-34434\/29-07-3\/\"><\/div><div class=\"wpr-cv-container\"><div class=\"wpr-cv-outer\"><div class=\"wpr-cv-inner\"><div class=\"wpr-grid-media-hover-middle elementor-clearfix\"><div class=\"wpr-grid-item-lightbox elementor-repeater-item-c32daa6 wpr-grid-item-display-block wpr-grid-item-align-center wpr-element-fade-in wpr-anim-size-large wpr-anim-timing-ease-default wpr-anim-transparency\"><div class=\"inner-block\"><span data-src=\"https:\/\/www.mamreoakinvestments.com\/wp-content\/uploads\/2024\/09\/29-07-3.jpg\"><i class=\"fas fa-search\"><\/i><\/span><div class=\"wpr-grid-lightbox-overlay\"><\/div><\/div><\/div><\/div><\/div><\/div><\/div><\/div><\/div><\/div><\/article><\/section>\t\t\t\t<\/div>\n\t\t\t\t\t<\/div>\n\t\t<\/div>\n\t\t\t\t\t<\/div>\n\t\t<\/section>\n\t\t\t\t<\/div>\n\t\t","protected":false},"excerpt":{"rendered":"<p>Stories UM HIST\u00d3RIA PRA CONTAR EM 2023 o IN\u00cdCIO Em 2011 iniciamos nossa viagem aos Estados Unidos. Como acontece com muitos brasileiros ao chegar l\u00e1, fomos tomados pelo deslumbre \u2014 tudo \u00e9 realmente diferente, mais moderno, mais organizado e, de certa forma, funciona melhor do que no Brasil. Isso acende em n\u00f3s o famoso sonho americano. Movidos por esse sonho, come\u00e7amos a desejar construir algo nos Estados Unidos. Em agosto de 2023, eu, minha esposa e um casal de amigos viajamos novamente para l\u00e1, desta vez por oito dias, com o prop\u00f3sito de entender como investir naquele lugar. Durante essa viagem, adquirimos dois terrenos. Logo ap\u00f3s, abri a empresa\u00a0Investimento<\/p>\n","protected":false},"author":1,"featured_media":0,"parent":0,"menu_order":0,"comment_status":"closed","ping_status":"closed","template":"elementor_canvas","meta":{"footnotes":""},"class_list":["post-1926","page","type-page","status-publish","hentry"],"_links":{"self":[{"href":"https:\/\/www.mamreoakinvestments.com\/index.php\/wp-json\/wp\/v2\/pages\/1926","targetHints":{"allow":["GET"]}}],"collection":[{"href":"https:\/\/www.mamreoakinvestments.com\/index.php\/wp-json\/wp\/v2\/pages"}],"about":[{"href":"https:\/\/www.mamreoakinvestments.com\/index.php\/wp-json\/wp\/v2\/types\/page"}],"author":[{"embeddable":true,"href":"https:\/\/www.mamreoakinvestments.com\/index.php\/wp-json\/wp\/v2\/users\/1"}],"replies":[{"embeddable":true,"href":"https:\/\/www.mamreoakinvestments.com\/index.php\/wp-json\/wp\/v2\/comments?post=1926"}],"version-history":[{"count":3,"href":"https:\/\/www.mamreoakinvestments.com\/index.php\/wp-json\/wp\/v2\/pages\/1926\/revisions"}],"predecessor-version":[{"id":2021,"href":"https:\/\/www.mamreoakinvestments.com\/index.php\/wp-json\/wp\/v2\/pages\/1926\/revisions\/2021"}],"wp:attachment":[{"href":"https:\/\/www.mamreoakinvestments.com\/index.php\/wp-json\/wp\/v2\/media?parent=1926"}],"curies":[{"name":"wp","href":"https:\/\/api.w.org\/{rel}","templated":true}]}}